39
List the prime factors of 407544606.
2, 3, 7, 3234481
List the prime factors of 156975132.
2, 3, 631, 20731
List the prime factors of 574348.
2, 139, 1033
What are the prime factors of 412255128?
2, 3, 23, 746839
List the prime factors of 5529444339.
3, 1843148113
What are the prime factors of 5420525284?
2, 1355131321
What are the prime factors of 98909551?
13, 7608427
List the prime factors of 65692878.
2, 3, 10948813
List the prime factors of 1726348098.
2, 3, 10091, 28513
List the prime factors of 188374912.
2, 11, 337, 397
What are the prime factors of 2477769872?
2, 149, 151, 6883
What are the prime factors of 2792274535?
5, 20789, 26863
What are the prime factors of 484744699?
47, 10313717
What are the prime factors of 90105280?
2, 5, 281579
What are the prime factors of 218446469?
7949, 27481
What are the prime factors of 768418981?
11, 69856271
List the prime factors of 927613801.
19, 48821779
What are the prime factors of 54780404?
2, 7, 821, 2383
List the prime factors of 84562920.
2, 3, 5, 13, 19, 317
What are the prime factors of 254438922?
2, 3, 239, 177433
List the prime factors of 179124567.
3, 47, 67, 283
List the prime factors of 461895190.
2, 5, 127, 367, 991
List the prime factors of 39324799.
191, 227, 907
List the prime factors of 2448631.
2448631
List the prime factors of 213175513.
213175513
What are the prime factors of 47043437?
7, 17, 395323
List the prime factors of 254671744.
2, 19, 104717
List the prime factors of 189344175.
3, 5, 173, 14593
What are the prime factors of 5806282886?
2, 23, 126223541
What are the prime factors of 3074691195?
3, 5, 2791, 24481
What are the prime factors of 944326773?
3, 13, 47, 83, 2069
List the prime factors of 2288082663.
3, 53, 83, 57793
What are the prime factors of 1071062346?
2, 3, 2677, 66683
What are the prime factors of 6268674940?
2, 5, 11, 19, 1499683
List the prime factors of 34553775.
3, 5, 17, 41, 661
List the prime factors of 357546273.
3, 7, 71, 239803
List the prime factors of 883637076.
2, 3, 7, 29, 362741
List the prime factors of 1761116236.
2, 11, 5683, 7043
List the prime factors of 216491356.
2, 5717, 9467
What are the prime factors of 4687537788?
2, 3, 761, 171103
List the prime factors of 2862785186.
2, 1431392593
What are the prime factors of 71244863?
71244863
List the prime factors of 163426789.
43, 3800623
List the prime factors of 2612786266.
2, 1306393133
What are the prime factors of 39504313?
39504313
List the prime factors of 7403244109.
45131, 164039
List the prime factors of 462505270.
2, 5, 349, 132523
List the prime factors of 37761677.
227, 166351
What are the prime factors of 205960740?
2, 3, 5, 59, 73, 797
What are the prime factors of 656411395?
5, 17, 67, 79, 1459
List the prime factors of 331500117.
3, 13, 149, 57047
What are the prime factors of 586150025?
5, 1033, 22697
What are the prime factors of 8675523?
3, 271, 3557
What are the prime factors of 347780278?
2, 79, 181, 12161
What are the prime factors of 1675128?
2, 3, 7, 13, 59
What are the prime factors of 65546051?
257, 255043
List the prime factors of 42432736.
2, 137, 9679
List the prime factors of 343632010.
2, 5, 457, 75193
List the prime factors of 32541946.
2, 19, 41, 20887
What are the prime factors of 4491497366?
2, 59, 4519, 8423
What are the prime factors of 97748413?
7, 23, 37, 61, 269
List the prime factors of 2002291058.
2, 197, 1489, 3413
List the prime factors of 58032017.
58032017
What are the prime factors of 2978048809?
19, 23, 241, 28277
What are the prime factors of 48155051?
7, 29, 237217
List the prime factors of 2208571.
139, 15889
What are the prime factors of 111075417?
3, 12341713
List the prime factors of 281062016.
2, 283, 7759
List the prime factors of 602827991.
19, 31727789
What are the prime factors of 182055294?
2, 3, 10114183
What are the prime factors of 1884500826?
2, 3, 13, 19, 67, 18979
List the prime factors of 2077589862.
2, 3, 23, 5018333
List the prime factors of 6405793057.
19, 16931, 19913
List the prime factors of 982181635.
5, 196436327
What are the prime factors of 24414829?
19, 1284991
List the prime factors of 275755539.
3, 443, 207491
List the prime factors of 45904458.
2, 3, 23, 332641
What are the prime factors of 2992903583?
2992903583
What are the prime factors of 665204602?
2, 332602301
List the prime factors of 269969718.
2, 3, 2441, 18433
What are the prime factors of 8314477842?
2, 3, 11, 223, 564919
What are the prime factors of 1628514766?
2, 151, 5392433
List the prime factors of 911742908.
2, 23, 9910249
List the prime factors of 282967323.
3, 19, 261281
List the prime factors of 107729992.
2, 379, 35531
What are the prime factors of 471891240?
2, 3, 5, 1310809
List the prime factors of 4765921534.
2, 11, 9029, 23993
List the prime factors of 1825530459.
3, 101, 6024853
List the prime factors of 33661160.
2, 5, 13, 19, 3407
What are the prime factors of 124423190?
2, 5, 12442319
List the prime factors of 898054434.
2, 3, 71, 271, 2593
List the prime factors of 2299928854.
2, 1149964427
List the prime factors of 211036266.
2, 3, 7, 17, 41, 89
List the prime factors of 12859054.
2, 13, 37, 13367
List the prime factors of 82939061.
2917, 28433
List the prime factors of 42575387.
42575387
What are the prime factors of 632781939?
3, 17, 811, 15299
List the prime factors of 844663498.
2, 7, 151, 399557
What are the prime factors of 201398247?
3, 22377583
What are the prime factors of 84717473?
84717473
List the prime factors of 4272998491.
31, 89, 331, 4679
List the prime factors of 3240351322.
2, 13, 31, 4020287
List the prime factors of 1071630721.
7, 199, 769297
List the prime factors of 182511177.
3, 439, 138581
List the prime factors of 471741358.
2, 11, 1231, 17419
List the prime factors of 1322083.
7, 188869
List the prime factors of 930768688.
2, 29, 73, 27479
List the prime factors of 205087992.
2, 3, 8545333
List the prime factors of 331853747.
43, 67, 229, 503
What are the prime factors of 979355237?
7, 139907891
List the prime factors of 84464470.
2, 5, 43, 196429
What are the prime factors of 117971768?
2, 29, 508499
What are the prime factors of 96261142?
2, 48130571
What are the prime factors of 17874112?
2, 181, 1543
List the prime factors of 159486525.
3, 5, 11, 64439
What are the prime factors of 27743121?
3, 7, 229, 641
List the prime factors of 122280323.
11, 47, 236519
What are the prime factors of 20266277?
20266277
List the prime factors of 61013951.
167, 283, 1291
List the prime factors of 869772622.
2, 727, 598193
What are the prime factors of 79710679?
149, 534971
What are the prime factors of 385083823?
385083823
What are the prime factors of 55237563?
3, 947, 6481
List the prime factors of 5048901.
3, 11, 13, 3923
List the prime factors of 130135114.
2, 43, 1513199
What are the prime factors of 167616341?
23, 419, 17393
List the prime factors of 919994914.
2, 459997457
List the prime factors of 521782180.
2, 5, 19, 72269
What are the prime factors of 227016603?
3, 11, 263, 8719
List the prime factors of 1890639738.
2, 3, 13, 43, 62633
What are the prime factors of 7176969424?
2, 17, 26385917
What are the prime factors of 47994839?
53, 821, 1103
What are the prime factors of 362606318?
2, 31, 5848489
List the prime factors of 103015175.
5, 4120607
What are the prime factors of 60779789?
7, 37, 47, 4993
What are the prime factors of 256319057?
256319057
List the prime factors of 266214278.
2, 11, 223, 4933
List the prime factors of 23488328.
2, 31, 53, 1787
What are the prime factors of 122129138?
2, 61064569
What are the prime factors of 1686767552?
2, 41, 79, 103
List the prime factors of 28618000.
2, 5, 41, 349
List the prime factors of 4331881444.
2, 11, 883, 111497
List the prime factors of 527216028.
2, 3, 19, 23, 100537
What are the prime factors of 159053754?
2, 3, 26508959
List the prime factors of 82579926.
2, 3, 11, 13, 109, 883
List the prime factors of 194553410.
2, 5, 19455341
List the prime factors of 62000752.
2, 11, 37, 9521
List the prime factors of 502727858.
2, 251363929
What are the prime factors of 419936553?
3, 23, 2028679
What are the prime factors of 1722917873?
79, 21809087
What are the prime factors of 62245214?
2, 53, 587219
What are the prime factors of 89118100?
